{"id":2632,"date":"2013-10-21T16:04:47","date_gmt":"2013-10-21T16:04:47","guid":{"rendered":"http:\/\/www.kriesi.at\/themes\/enfold\/?page_id=2632"},"modified":"2025-05-06T17:37:48","modified_gmt":"2025-05-06T15:37:48","slug":"nos-broderies","status":"publish","type":"page","link":"https:\/\/broderie-leveque.com\/index.php\/nos-broderies\/","title":{"rendered":"Nos r\u00e9alisations"},"content":{"rendered":"<section  class='av_textblock_section av-jv3lq1gb-4dc0655e6d21b7ecaf8c678a39f7a66a '   itemscope=\"itemscope\" itemtype=\"https:\/\/schema.org\/CreativeWork\" ><div class='avia_textblock'  itemprop=\"text\" ><h1 style=\"text-align: center;\">BRODERIE TEXTILE<\/h1>\n<\/div><\/section>\n<section  class='av_textblock_section av-maco8hff-a915f5c409e0b5684222d7509e24e7a6 '   itemscope=\"itemscope\" itemtype=\"https:\/\/schema.org\/CreativeWork\" ><div class='avia_textblock'  itemprop=\"text\" ><p style=\"text-align: center;\"><strong><em>La broderie est un art ancestral qui permet de d\u00e9corer les textiles \u00e0 l\u2019aide de fils color\u00e9s.<br \/>\n<\/em><\/strong><em>Elle offre une mani\u00e8re \u00e9l\u00e9gante et durable de personnaliser v\u00eatements, accessoires ou linge de maison. Elle s\u2019adapte \u00e0 tous les styles et \u00e0 toutes les envies.<\/em><\/p>\n<p style=\"text-align: center;\"><em>R\u00e9alis\u00e9e \u00e0 l\u2019aide de machines programm\u00e9es, elle est id\u00e9ale pour produire en grande quantit\u00e9 des logos, noms ou motifs d\u00e9coratifs. Cette m\u00e9thode offre une finition de qualit\u00e9, r\u00e9sistante au lavage et \u00e0 l\u2019usure. Elle est tr\u00e8s utilis\u00e9e dans les domaines de la mode, du travail et de la publicit\u00e9. Alliant performance et esth\u00e9tisme, elle valorise chaque v\u00eatement de fa\u00e7on professionnelle.<\/em><\/p>\n<\/div><\/section>\n\n<style type=\"text\/css\" data-created_by=\"avia_inline_auto\" id=\"style-css-av-jv3lufjq-fc169bfb856a63919158e273647c4121\">\n#top .hr.av-jv3lufjq-fc169bfb856a63919158e273647c4121{\nmargin-top:5px;\nmargin-bottom:30px;\n}\n.hr.av-jv3lufjq-fc169bfb856a63919158e273647c4121 .hr-inner{\nwidth:75px;\nborder-color:#e84893;\nmax-width:45%;\n}\n.hr.av-jv3lufjq-fc169bfb856a63919158e273647c4121 .av-seperator-icon{\ncolor:#e84893;\n}\n.hr.av-jv3lufjq-fc169bfb856a63919158e273647c4121 .av-seperator-icon.avia-svg-icon svg:first-child{\nfill:#e84893;\nstroke:#e84893;\n}\n<\/style>\n<div  class='hr av-jv3lufjq-fc169bfb856a63919158e273647c4121 hr-custom  avia-builder-el-2  el_after_av_textblock  el_before_av_masonry_gallery  avia-builder-el-last  hr-center hr-icon-yes'><span class='hr-inner inner-border-av-border-thin'><span class=\"hr-inner-style\"><\/span><\/span><span class='av-seperator-icon avia-iconfont avia-font-entypo-fontello' data-av_icon='\ue855' data-av_iconfont='entypo-fontello' ><\/span><span class='hr-inner inner-border-av-border-thin'><span class=\"hr-inner-style\"><\/span><\/span><\/div>\n<div id='av-masonry-1' class='av-masonry av-macnvihu-2b1bff2f1ac03cb35c3d66eb4be40197 noHover av-fixed-size av-no-gap av-hover-overlay-active av-masonry-animation-active av-masonry-col-flexible av-caption-always av-caption-style- av-masonry-gallery ' data-post_id=\"2632\"><div class=\"av-masonry-container isotope av-js-disabled\"><div class='av-masonry-entry isotope-item av-masonry-item-no-image '><\/div><a href=\"https:\/\/broderie-leveque.com\/wp-content\/uploads\/2025\/05\/SPA_COMBI-1024x817.jpg\"  aria-label=\"image SPA_COMBI\"  id='av-masonry-1-item-3860' data-av-masonry-item='3860' class='av-masonry-entry isotope-item post-3860 attachment type-attachment status-inherit hentry  av-masonry-item-with-image' title=\"SPA_COMBI\" alt=\"\"    itemprop=\"thumbnailUrl\" ><div class='av-inner-masonry-sizer'><\/div><figure class='av-inner-masonry main_color'><div class=\"av-masonry-outerimage-container\"><div class='av-masonry-image-container' style=\"background-image: url(https:\/\/broderie-leveque.com\/wp-content\/uploads\/2025\/05\/SPA_COMBI-705x562.jpg);\"  title=\"SPA_COMBI\" ><\/div><\/div><\/figure><\/a><!--end av-masonry entry--><a href=\"https:\/\/broderie-leveque.com\/wp-content\/uploads\/2025\/05\/SPA_TSHIRT-1024x817.jpg\"  aria-label=\"image SPA_TSHIRT\"  id='av-masonry-1-item-3861' data-av-masonry-item='3861' class='av-masonry-entry isotope-item post-3861 attachment type-attachment status-inherit hentry  av-masonry-item-with-image' title=\"SPA_TSHIRT\" alt=\"\"    itemprop=\"thumbnailUrl\" ><div class='av-inner-masonry-sizer'><\/div><figure class='av-inner-masonry main_color'><div class=\"av-masonry-outerimage-container\"><div class='av-masonry-image-container' style=\"background-image: url(https:\/\/broderie-leveque.com\/wp-content\/uploads\/2025\/05\/SPA_TSHIRT-705x562.jpg);\"  title=\"SPA_TSHIRT\" ><\/div><\/div><\/figure><\/a><!--end av-masonry entry--><a href=\"https:\/\/broderie-leveque.com\/wp-content\/uploads\/2025\/05\/ZOOM_SPA_COMBI_DOS-1024x817.jpg\"  aria-label=\"image ZOOM_SPA_COMBI_DOS\"  id='av-masonry-1-item-3871' data-av-masonry-item='3871' class='av-masonry-entry isotope-item post-3871 attachment type-attachment status-inherit hentry  av-masonry-item-with-image' title=\"ZOOM_SPA_COMBI_DOS\" alt=\"\"    itemprop=\"thumbnailUrl\" ><div class='av-inner-masonry-sizer'><\/div><figure class='av-inner-masonry main_color'><div class=\"av-masonry-outerimage-container\"><div class='av-masonry-image-container' style=\"background-image: url(https:\/\/broderie-leveque.com\/wp-content\/uploads\/2025\/05\/ZOOM_SPA_COMBI_DOS-705x562.jpg);\"  title=\"ZOOM_SPA_COMBI_DOS\" ><\/div><\/div><\/figure><\/a><!--end av-masonry entry--><a href=\"https:\/\/broderie-leveque.com\/wp-content\/uploads\/2025\/05\/ZOOM_SPA_TSHIRT-1024x817.jpg\"  aria-label=\"image ZOOM_SPA_TSHIRT\"  id='av-masonry-1-item-3872' data-av-masonry-item='3872' class='av-masonry-entry isotope-item post-3872 attachment type-attachment status-inherit hentry  av-masonry-item-with-image' title=\"ZOOM_SPA_TSHIRT\" alt=\"\"    itemprop=\"thumbnailUrl\" ><div class='av-inner-masonry-sizer'><\/div><figure class='av-inner-masonry main_color'><div class=\"av-masonry-outerimage-container\"><div class='av-masonry-image-container' style=\"background-image: url(https:\/\/broderie-leveque.com\/wp-content\/uploads\/2025\/05\/ZOOM_SPA_TSHIRT-705x562.jpg);\"  title=\"ZOOM_SPA_TSHIRT\" ><\/div><\/div><\/figure><\/a><!--end av-masonry entry--><a href=\"https:\/\/broderie-leveque.com\/wp-content\/uploads\/2025\/05\/BLOUSON-1024x817.jpg\"  aria-label=\"image BLOUSON\"  id='av-masonry-1-item-3790' data-av-masonry-item='3790' class='av-masonry-entry isotope-item post-3790 attachment type-attachment status-inherit hentry  av-masonry-item-with-image' title=\"BLOUSON\" alt=\"\"    itemprop=\"thumbnailUrl\" ><div class='av-inner-masonry-sizer'><\/div><figure class='av-inner-masonry main_color'><div class=\"av-masonry-outerimage-container\"><div class='av-masonry-image-container' style=\"background-image: url(https:\/\/broderie-leveque.com\/wp-content\/uploads\/2025\/05\/BLOUSON-705x562.jpg);\"  title=\"BLOUSON\" ><\/div><\/div><\/figure><\/a><!--end av-masonry entry--><a href=\"https:\/\/broderie-leveque.com\/wp-content\/uploads\/2025\/05\/ZOOM_BLOUSON-1024x817.jpg\"  aria-label=\"image ZOOM_BLOUSON\"  id='av-masonry-1-item-3862' data-av-masonry-item='3862' class='av-masonry-entry isotope-item post-3862 attachment type-attachment status-inherit hentry  av-masonry-item-with-image' title=\"ZOOM_BLOUSON\" alt=\"\"    itemprop=\"thumbnailUrl\" ><div class='av-inner-masonry-sizer'><\/div><figure class='av-inner-masonry main_color'><div class=\"av-masonry-outerimage-container\"><div class='av-masonry-image-container' style=\"background-image: url(https:\/\/broderie-leveque.com\/wp-content\/uploads\/2025\/05\/ZOOM_BLOUSON-705x562.jpg);\"  title=\"ZOOM_BLOUSON\" ><\/div><\/div><\/figure><\/a><!--end av-masonry entry--><a href=\"https:\/\/broderie-leveque.com\/wp-content\/uploads\/2025\/05\/ZOOM_BLOUSON2-1024x817.jpg\"  aria-label=\"image ZOOM_BLOUSON2\"  id='av-masonry-1-item-3863' data-av-masonry-item='3863' class='av-masonry-entry isotope-item post-3863 attachment type-attachment status-inherit hentry  av-masonry-item-with-image' title=\"ZOOM_BLOUSON2\" alt=\"\"    itemprop=\"thumbnailUrl\" ><div class='av-inner-masonry-sizer'><\/div><figure class='av-inner-masonry main_color'><div class=\"av-masonry-outerimage-container\"><div class='av-masonry-image-container' style=\"background-image: url(https:\/\/broderie-leveque.com\/wp-content\/uploads\/2025\/05\/ZOOM_BLOUSON2-705x562.jpg);\"  title=\"ZOOM_BLOUSON2\" ><\/div><\/div><\/figure><\/a><!--end av-masonry entry--><a href=\"https:\/\/broderie-leveque.com\/wp-content\/uploads\/2025\/05\/PARKA_SEROR-1024x817.jpg\"  aria-label=\"image PARKA_SEROR\"  id='av-masonry-1-item-3857' data-av-masonry-item='3857' class='av-masonry-entry isotope-item post-3857 attachment type-attachment status-inherit hentry  av-masonry-item-with-image' title=\"PARKA_SEROR\" alt=\"\"    itemprop=\"thumbnailUrl\" ><div class='av-inner-masonry-sizer'><\/div><figure class='av-inner-masonry main_color'><div class=\"av-masonry-outerimage-container\"><div class='av-masonry-image-container' style=\"background-image: url(https:\/\/broderie-leveque.com\/wp-content\/uploads\/2025\/05\/PARKA_SEROR-705x562.jpg);\"  title=\"PARKA_SEROR\" ><\/div><\/div><\/figure><\/a><!--end av-masonry entry--><a href=\"https:\/\/broderie-leveque.com\/wp-content\/uploads\/2025\/05\/ZOOM_PARKA_SEROR-1024x817.jpg\"  aria-label=\"image ZOOM_PARKA_SEROR\"  id='av-masonry-1-item-3867' data-av-masonry-item='3867' class='av-masonry-entry isotope-item post-3867 attachment type-attachment status-inherit hentry  av-masonry-item-with-image' title=\"ZOOM_PARKA_SEROR\" alt=\"\"    itemprop=\"thumbnailUrl\" ><div class='av-inner-masonry-sizer'><\/div><figure class='av-inner-masonry main_color'><div class=\"av-masonry-outerimage-container\"><div class='av-masonry-image-container' style=\"background-image: url(https:\/\/broderie-leveque.com\/wp-content\/uploads\/2025\/05\/ZOOM_PARKA_SEROR-705x562.jpg);\"  title=\"ZOOM_PARKA_SEROR\" ><\/div><\/div><\/figure><\/a><!--end av-masonry entry--><a href=\"https:\/\/broderie-leveque.com\/wp-content\/uploads\/2025\/05\/POLAIRE_BL-1024x817.jpg\"  aria-label=\"image POLAIRE_BL\"  id='av-masonry-1-item-3858' data-av-masonry-item='3858' class='av-masonry-entry isotope-item post-3858 attachment type-attachment status-inherit hentry  av-masonry-item-with-image' title=\"POLAIRE_BL\" alt=\"\"    itemprop=\"thumbnailUrl\" ><div class='av-inner-masonry-sizer'><\/div><figure class='av-inner-masonry main_color'><div class=\"av-masonry-outerimage-container\"><div class='av-masonry-image-container' style=\"background-image: url(https:\/\/broderie-leveque.com\/wp-content\/uploads\/2025\/05\/POLAIRE_BL-705x562.jpg);\"  title=\"POLAIRE_BL\" ><\/div><\/div><\/figure><\/a><!--end av-masonry entry--><a href=\"https:\/\/broderie-leveque.com\/wp-content\/uploads\/2025\/05\/ZOOM_POLAIRE_BL-1024x817.jpg\"  aria-label=\"image ZOOM_POLAIRE_BL\"  id='av-masonry-1-item-3868' data-av-masonry-item='3868' class='av-masonry-entry isotope-item post-3868 attachment type-attachment status-inherit hentry  av-masonry-item-with-image' title=\"ZOOM_POLAIRE_BL\" alt=\"\"    itemprop=\"thumbnailUrl\" ><div class='av-inner-masonry-sizer'><\/div><figure class='av-inner-masonry main_color'><div class=\"av-masonry-outerimage-container\"><div class='av-masonry-image-container' style=\"background-image: url(https:\/\/broderie-leveque.com\/wp-content\/uploads\/2025\/05\/ZOOM_POLAIRE_BL-705x562.jpg);\"  title=\"ZOOM_POLAIRE_BL\" ><\/div><\/div><\/figure><\/a><!--end av-masonry entry--><a href=\"https:\/\/broderie-leveque.com\/wp-content\/uploads\/2025\/05\/BRODERIES-CASQUETTES-1024x817.jpg\"  aria-label=\"image BRODERIES CASQUETTES\"  id='av-masonry-1-item-3856' data-av-masonry-item='3856' class='av-masonry-entry isotope-item post-3856 attachment type-attachment status-inherit hentry  av-masonry-item-with-image' title=\"BRODERIES CASQUETTES\" alt=\"\"    itemprop=\"thumbnailUrl\" ><div class='av-inner-masonry-sizer'><\/div><figure class='av-inner-masonry main_color'><div class=\"av-masonry-outerimage-container\"><div class='av-masonry-image-container' style=\"background-image: url(https:\/\/broderie-leveque.com\/wp-content\/uploads\/2025\/05\/BRODERIES-CASQUETTES-705x562.jpg);\"  title=\"BRODERIES CASQUETTES\" ><\/div><\/div><\/figure><\/a><!--end av-masonry entry--><a href=\"https:\/\/broderie-leveque.com\/wp-content\/uploads\/2025\/05\/ZOOM_POLO_AUDI_SERVICE-1024x817.jpg\"  aria-label=\"image ZOOM_POLO_AUDI_SERVICE\"  id='av-masonry-1-item-3869' data-av-masonry-item='3869' class='av-masonry-entry isotope-item post-3869 attachment type-attachment status-inherit hentry  av-masonry-item-with-image' title=\"ZOOM_POLO_AUDI_SERVICE\" alt=\"\"    itemprop=\"thumbnailUrl\" ><div class='av-inner-masonry-sizer'><\/div><figure class='av-inner-masonry main_color'><div class=\"av-masonry-outerimage-container\"><div class='av-masonry-image-container' style=\"background-image: url(https:\/\/broderie-leveque.com\/wp-content\/uploads\/2025\/05\/ZOOM_POLO_AUDI_SERVICE-705x562.jpg);\"  title=\"ZOOM_POLO_AUDI_SERVICE\" ><\/div><\/div><\/figure><\/a><!--end av-masonry entry--><a href=\"https:\/\/broderie-leveque.com\/wp-content\/uploads\/2025\/05\/POLO_AUDI_SERVICE-1024x817.jpg\"  aria-label=\"image POLO_AUDI_SERVICE\"  id='av-masonry-1-item-3859' data-av-masonry-item='3859' class='av-masonry-entry isotope-item post-3859 attachment type-attachment status-inherit hentry  av-masonry-item-with-image' title=\"POLO_AUDI_SERVICE\" alt=\"\"    itemprop=\"thumbnailUrl\" ><div class='av-inner-masonry-sizer'><\/div><figure class='av-inner-masonry main_color'><div class=\"av-masonry-outerimage-container\"><div class='av-masonry-image-container' style=\"background-image: url(https:\/\/broderie-leveque.com\/wp-content\/uploads\/2025\/05\/POLO_AUDI_SERVICE-705x562.jpg);\"  title=\"POLO_AUDI_SERVICE\" ><\/div><\/div><\/figure><\/a><!--end av-masonry entry--><a href=\"https:\/\/broderie-leveque.com\/wp-content\/uploads\/2025\/05\/ZOOM_CASQUETTE_EUROPE1-1024x817.jpg\"  aria-label=\"image ZOOM_CASQUETTE_EUROPE1\"  id='av-masonry-1-item-3864' data-av-masonry-item='3864' class='av-masonry-entry isotope-item post-3864 attachment type-attachment status-inherit hentry  av-masonry-item-with-image' title=\"ZOOM_CASQUETTE_EUROPE1\" alt=\"\"    itemprop=\"thumbnailUrl\" ><div class='av-inner-masonry-sizer'><\/div><figure class='av-inner-masonry main_color'><div class=\"av-masonry-outerimage-container\"><div class='av-masonry-image-container' style=\"background-image: url(https:\/\/broderie-leveque.com\/wp-content\/uploads\/2025\/05\/ZOOM_CASQUETTE_EUROPE1-705x562.jpg);\"  title=\"ZOOM_CASQUETTE_EUROPE1\" ><\/div><\/div><\/figure><\/a><!--end av-masonry entry--><a href=\"https:\/\/broderie-leveque.com\/wp-content\/uploads\/2025\/05\/ZOOM_COCA_COLA-1024x817.jpg\"  aria-label=\"image ZOOM_COCA_COLA\"  id='av-masonry-1-item-3865' data-av-masonry-item='3865' class='av-masonry-entry isotope-item post-3865 attachment type-attachment status-inherit hentry  av-masonry-item-with-image' title=\"ZOOM_COCA_COLA\" alt=\"\"    itemprop=\"thumbnailUrl\" ><div class='av-inner-masonry-sizer'><\/div><figure class='av-inner-masonry main_color'><div class=\"av-masonry-outerimage-container\"><div class='av-masonry-image-container' style=\"background-image: url(https:\/\/broderie-leveque.com\/wp-content\/uploads\/2025\/05\/ZOOM_COCA_COLA-705x562.jpg);\"  title=\"ZOOM_COCA_COLA\" ><\/div><\/div><\/figure><\/a><!--end av-masonry entry--><a href=\"https:\/\/broderie-leveque.com\/wp-content\/uploads\/2025\/05\/broderie-leveque-0-1-1024x681.jpg\"  aria-label=\"image broderie leveque 0 (1)\"  id='av-masonry-1-item-3791' data-av-masonry-item='3791' class='av-masonry-entry isotope-item post-3791 attachment type-attachment status-inherit hentry  av-masonry-item-with-image' title=\"broderie leveque 0 (1)\" alt=\"\"    itemprop=\"thumbnailUrl\" ><div class='av-inner-masonry-sizer'><\/div><figure class='av-inner-masonry main_color'><div class=\"av-masonry-outerimage-container\"><div class='av-masonry-image-container' style=\"background-image: url(https:\/\/broderie-leveque.com\/wp-content\/uploads\/2025\/05\/broderie-leveque-0-1-705x469.jpg);\"  title=\"broderie leveque 0 (1)\" ><\/div><\/div><\/figure><\/a><!--end av-masonry entry--><a href=\"https:\/\/broderie-leveque.com\/wp-content\/uploads\/2025\/05\/broderie-leveque-0-2-1024x681.jpg\"  aria-label=\"image broderie leveque 0 (2)\"  id='av-masonry-1-item-3792' data-av-masonry-item='3792' class='av-masonry-entry isotope-item post-3792 attachment type-attachment status-inherit hentry  av-masonry-item-with-image' title=\"broderie leveque 0 (2)\" alt=\"\"    itemprop=\"thumbnailUrl\" ><div class='av-inner-masonry-sizer'><\/div><figure class='av-inner-masonry main_color'><div class=\"av-masonry-outerimage-container\"><div class='av-masonry-image-container' style=\"background-image: url(https:\/\/broderie-leveque.com\/wp-content\/uploads\/2025\/05\/broderie-leveque-0-2-705x469.jpg);\"  title=\"broderie leveque 0 (2)\" ><\/div><\/div><\/figure><\/a><!--end av-masonry entry--><a href=\"https:\/\/broderie-leveque.com\/wp-content\/uploads\/2025\/05\/broderie-leveque-0-3-1024x681.jpg\"  aria-label=\"image broderie leveque 0 (3)\"  id='av-masonry-1-item-3793' data-av-masonry-item='3793' class='av-masonry-entry isotope-item post-3793 attachment type-attachment status-inherit hentry  av-masonry-item-with-image' title=\"broderie leveque 0 (3)\" alt=\"\"    itemprop=\"thumbnailUrl\" ><div class='av-inner-masonry-sizer'><\/div><figure class='av-inner-masonry main_color'><div class=\"av-masonry-outerimage-container\"><div class='av-masonry-image-container' style=\"background-image: url(https:\/\/broderie-leveque.com\/wp-content\/uploads\/2025\/05\/broderie-leveque-0-3-705x469.jpg);\"  title=\"broderie leveque 0 (3)\" ><\/div><\/div><\/figure><\/a><!--end av-masonry entry--><a href=\"https:\/\/broderie-leveque.com\/wp-content\/uploads\/2025\/05\/broderie-leveque-0-4-1024x681.jpg\"  aria-label=\"image broderie leveque 0 (4)\"  id='av-masonry-1-item-3794' data-av-masonry-item='3794' class='av-masonry-entry isotope-item post-3794 attachment type-attachment status-inherit hentry  av-masonry-item-with-image' title=\"broderie leveque 0 (4)\" alt=\"\"    itemprop=\"thumbnailUrl\" ><div class='av-inner-masonry-sizer'><\/div><figure class='av-inner-masonry main_color'><div class=\"av-masonry-outerimage-container\"><div class='av-masonry-image-container' style=\"background-image: url(https:\/\/broderie-leveque.com\/wp-content\/uploads\/2025\/05\/broderie-leveque-0-4-705x469.jpg);\"  title=\"broderie leveque 0 (4)\" ><\/div><\/div><\/figure><\/a><!--end av-masonry entry--><a href=\"https:\/\/broderie-leveque.com\/wp-content\/uploads\/2025\/05\/broderie-leveque-0-5-1024x681.jpg\"  aria-label=\"image broderie leveque 0 (5)\"  id='av-masonry-1-item-3795' data-av-masonry-item='3795' class='av-masonry-entry isotope-item post-3795 attachment type-attachment status-inherit hentry  av-masonry-item-with-image' title=\"broderie leveque 0 (5)\" alt=\"\"    itemprop=\"thumbnailUrl\" ><div class='av-inner-masonry-sizer'><\/div><figure class='av-inner-masonry main_color'><div class=\"av-masonry-outerimage-container\"><div class='av-masonry-image-container' style=\"background-image: url(https:\/\/broderie-leveque.com\/wp-content\/uploads\/2025\/05\/broderie-leveque-0-5-705x469.jpg);\"  title=\"broderie leveque 0 (5)\" ><\/div><\/div><\/figure><\/a><!--end av-masonry entry--><a href=\"https:\/\/broderie-leveque.com\/wp-content\/uploads\/2025\/05\/broderie-leveque-0-6-1024x681.jpg\"  aria-label=\"image broderie leveque 0 (6)\"  id='av-masonry-1-item-3797' data-av-masonry-item='3797' class='av-masonry-entry isotope-item post-3797 attachment type-attachment status-inherit hentry  av-masonry-item-with-image' title=\"broderie leveque 0 (6)\" alt=\"\"    itemprop=\"thumbnailUrl\" ><div class='av-inner-masonry-sizer'><\/div><figure class='av-inner-masonry main_color'><div class=\"av-masonry-outerimage-container\"><div class='av-masonry-image-container' style=\"background-image: url(https:\/\/broderie-leveque.com\/wp-content\/uploads\/2025\/05\/broderie-leveque-0-6-705x469.jpg);\"  title=\"broderie leveque 0 (6)\" ><\/div><\/div><\/figure><\/a><!--end av-masonry entry--><a href=\"https:\/\/broderie-leveque.com\/wp-content\/uploads\/2025\/05\/broderie-leveque-0-7-1024x681.jpg\"  aria-label=\"image broderie leveque 0 (7)\"  id='av-masonry-1-item-3798' data-av-masonry-item='3798' class='av-masonry-entry isotope-item post-3798 attachment type-attachment status-inherit hentry  av-masonry-item-with-image' title=\"broderie leveque 0 (7)\" alt=\"\"    itemprop=\"thumbnailUrl\" ><div class='av-inner-masonry-sizer'><\/div><figure class='av-inner-masonry main_color'><div class=\"av-masonry-outerimage-container\"><div class='av-masonry-image-container' style=\"background-image: url(https:\/\/broderie-leveque.com\/wp-content\/uploads\/2025\/05\/broderie-leveque-0-7-705x469.jpg);\"  title=\"broderie leveque 0 (7)\" ><\/div><\/div><\/figure><\/a><!--end av-masonry entry--><a href=\"https:\/\/broderie-leveque.com\/wp-content\/uploads\/2025\/05\/broderie-leveque-0-8-1024x681.jpg\"  aria-label=\"image broderie leveque 0 (8)\"  id='av-masonry-1-item-3799' data-av-masonry-item='3799' class='av-masonry-entry isotope-item post-3799 attachment type-attachment status-inherit hentry  av-masonry-item-with-image' title=\"broderie leveque 0 (8)\" alt=\"\"    itemprop=\"thumbnailUrl\" ><div class='av-inner-masonry-sizer'><\/div><figure class='av-inner-masonry main_color'><div class=\"av-masonry-outerimage-container\"><div class='av-masonry-image-container' style=\"background-image: url(https:\/\/broderie-leveque.com\/wp-content\/uploads\/2025\/05\/broderie-leveque-0-8-705x469.jpg);\"  title=\"broderie leveque 0 (8)\" ><\/div><\/div><\/figure><\/a><!--end av-masonry entry--><\/div><div class='av-masonry-pagination av-masonry-pagination-pagination'><nav class='pagination'><span class='pagination-meta'>Page 1 of 4<\/span><span class='current'>1<\/span><a href='https:\/\/broderie-leveque.com\/index.php\/wp-json\/wp\/v2\/pages\/2632\/?avia-element-paging=2' class='inactive next_page' >2<\/a><a href='https:\/\/broderie-leveque.com\/index.php\/wp-json\/wp\/v2\/pages\/2632\/?avia-element-paging=3' class='inactive' >3<\/a><a href='https:\/\/broderie-leveque.com\/index.php\/wp-json\/wp\/v2\/pages\/2632\/?avia-element-paging=4' class='inactive' >4<\/a><\/nav>\n<\/div><\/div>\n","protected":false},"excerpt":{"rendered":"","protected":false},"author":1,"featured_media":0,"parent":0,"menu_order":0,"comment_status":"closed","ping_status":"open","template":"","meta":{"footnotes":""},"class_list":["post-2632","page","type-page","status-publish","hentry"],"_links":{"self":[{"href":"https:\/\/broderie-leveque.com\/index.php\/wp-json\/wp\/v2\/pages\/2632","targetHints":{"allow":["GET"]}}],"collection":[{"href":"https:\/\/broderie-leveque.com\/index.php\/wp-json\/wp\/v2\/pages"}],"about":[{"href":"https:\/\/broderie-leveque.com\/index.php\/wp-json\/wp\/v2\/types\/page"}],"author":[{"embeddable":true,"href":"https:\/\/broderie-leveque.com\/index.php\/wp-json\/wp\/v2\/users\/1"}],"replies":[{"embeddable":true,"href":"https:\/\/broderie-leveque.com\/index.php\/wp-json\/wp\/v2\/comments?post=2632"}],"version-history":[{"count":16,"href":"https:\/\/broderie-leveque.com\/index.php\/wp-json\/wp\/v2\/pages\/2632\/revisions"}],"predecessor-version":[{"id":3886,"href":"https:\/\/broderie-leveque.com\/index.php\/wp-json\/wp\/v2\/pages\/2632\/revisions\/3886"}],"wp:attachment":[{"href":"https:\/\/broderie-leveque.com\/index.php\/wp-json\/wp\/v2\/media?parent=2632"}],"curies":[{"name":"wp","href":"https:\/\/api.w.org\/{rel}","templated":true}]}}