{"id":3535,"date":"2019-04-30T16:08:04","date_gmt":"2019-04-30T14:08:04","guid":{"rendered":"http:\/\/broderie-leveque.com\/?page_id=3535"},"modified":"2025-05-13T12:55:38","modified_gmt":"2025-05-13T10:55:38","slug":"qui-sommes-nous","status":"publish","type":"page","link":"https:\/\/broderie-leveque.com\/index.php\/qui-sommes-nous\/","title":{"rendered":"Qui sommes nous ?"},"content":{"rendered":"<div id='full_slider_1'  class='avia-fullwidth-slider main_color avia-shadow   avia-builder-el-0  el_before_av_textblock  avia-builder-el-first   container_wrap sidebar_left'  ><div  class='avia-slideshow av-jv3z9wed-2f4dea3263e35942a3d30046d2c8316c avia-slideshow-featured av_slideshow_full avia-fade-slider av-slideshow-ui av-control-default av-slideshow-autoplay av-loop-endless av-loop-manual-endless av-default-height-applied   avia-slideshow-1' data-slideshow-options=\"{&quot;animation&quot;:&quot;fade&quot;,&quot;autoplay&quot;:true,&quot;loop_autoplay&quot;:&quot;endless&quot;,&quot;interval&quot;:4,&quot;loop_manual&quot;:&quot;manual-endless&quot;,&quot;autoplay_stopper&quot;:false,&quot;noNavigation&quot;:false,&quot;bg_slider&quot;:false,&quot;keep_padding&quot;:false,&quot;hoverpause&quot;:false,&quot;show_slide_delay&quot;:0}\"  itemprop=\"image\" itemscope=\"itemscope\" itemtype=\"https:\/\/schema.org\/ImageObject\" ><ul class='avia-slideshow-inner ' style='padding-bottom: 28.666666666667%;'><li  class='avia-slideshow-slide av-jv3z9wed-2f4dea3263e35942a3d30046d2c8316c__0  slide-1 slide-odd'><div data-rel='slideshow-1' class='avia-slide-wrap '   ><div class='av-slideshow-caption av-jv3z9wed-2f4dea3263e35942a3d30046d2c8316c__0 caption_fullwidth caption_center caption_center_framed caption_framed'><div class=\"container caption_container\"><div class=\"slideshow_caption\"><div class=\"slideshow_inner_caption\"><div class=\"slideshow_align_caption\"><h2 class='avia-caption-title '  itemprop=\"name\" >\u00c0 Montreuil, aux Portes de Paris<\/h2><\/div><\/div><\/div><\/div><\/div><img fetchpriority=\"high\" class=\"wp-image-3599 avia-img-lazy-loading-not-3599\"  src='https:\/\/broderie-leveque.com\/wp-content\/uploads\/2019\/04\/SLIDE_BL_pr\u00e9sentation_fond1a-1500x430.png' width='1500' height='430' title='SLIDE_BL_pr\u00e9sentation_fond1a' alt=''  itemprop=\"thumbnailUrl\"   \/><\/div><\/li><li  class='avia-slideshow-slide av-jv3z9wed-2f4dea3263e35942a3d30046d2c8316c__1  slide-2 slide-even'><div data-rel='slideshow-1' class='avia-slide-wrap '   ><div class='av-slideshow-caption av-jv3z9wed-2f4dea3263e35942a3d30046d2c8316c__1 caption_fullwidth caption_center caption_center_framed caption_framed'><div class=\"container caption_container\"><div class=\"slideshow_caption\"><div class=\"slideshow_inner_caption\"><div class=\"slideshow_align_caption\"><h2 class='avia-caption-title '  itemprop=\"name\" >Grande capacit\u00e9 de PRODUCTION<\/h2><\/div><\/div><\/div><\/div><\/div><img fetchpriority=\"high\" class=\"wp-image-3600 avia-img-lazy-loading-not-3600\"  src='https:\/\/broderie-leveque.com\/wp-content\/uploads\/2019\/04\/SLIDE_BL_pr\u00e9sentation_fond2-1-1500x430.png' width='1500' height='430' title='SLIDE_BL_pr\u00e9sentation_fond2' alt=''  itemprop=\"thumbnailUrl\"   \/><\/div><\/li><li  class='avia-slideshow-slide av-jv3z9wed-2f4dea3263e35942a3d30046d2c8316c__2  slide-3 slide-odd'><div data-rel='slideshow-1' class='avia-slide-wrap '   ><div class='av-slideshow-caption av-jv3z9wed-2f4dea3263e35942a3d30046d2c8316c__2 caption_fullwidth caption_left caption_left_framed caption_framed'><div class=\"container caption_container\"><div class=\"slideshow_caption\"><div class=\"slideshow_inner_caption\"><div class=\"slideshow_align_caption\"><h2 class='avia-caption-title '  itemprop=\"name\" >Broderie de QUALIT\u00c9<\/h2><\/div><\/div><\/div><\/div><\/div><img fetchpriority=\"high\" class=\"wp-image-3588 avia-img-lazy-loading-not-3588\"  src='https:\/\/broderie-leveque.com\/wp-content\/uploads\/2019\/04\/SLIDE_BL_pr\u00e9sentation_fond3-1500x430.png' width='1500' height='430' title='SLIDE_BL_pr\u00e9sentation_fond3' alt=''  itemprop=\"thumbnailUrl\"   \/><\/div><\/li><\/ul><div class='avia-slideshow-arrows avia-slideshow-controls' ><a href='#prev' class='prev-slide  avia-svg-icon avia-font-svg_entypo-fontello' data-av_svg_icon='left-open-big' data-av_iconset='svg_entypo-fontello' tabindex='-1' title=\"Previous\"><svg version=\"1.1\" xmlns=\"http:\/\/www.w3.org\/2000\/svg\" width=\"15\" height=\"32\" viewBox=\"0 0 15 32\" preserveAspectRatio=\"xMidYMid meet\" aria-labelledby='av-svg-title-1' aria-describedby='av-svg-desc-1' role=\"graphics-symbol\" aria-hidden=\"true\">\n<title id='av-svg-title-1'>Previous<\/title>\n<desc id='av-svg-desc-1'>Previous<\/desc>\n<path d=\"M14.464 27.84q0.832 0.832 0 1.536-0.832 0.832-1.536 0l-12.544-12.608q-0.768-0.768 0-1.6l12.544-12.608q0.704-0.832 1.536 0 0.832 0.704 0 1.536l-11.456 11.904z\"><\/path>\n<\/svg><span class='avia_hidden_link_text'>Previous<\/span><\/a><a href='#next' class='next-slide  avia-svg-icon avia-font-svg_entypo-fontello' data-av_svg_icon='right-open-big' data-av_iconset='svg_entypo-fontello' tabindex='-1' title=\"Next\"><svg version=\"1.1\" xmlns=\"http:\/\/www.w3.org\/2000\/svg\" width=\"15\" height=\"32\" viewBox=\"0 0 15 32\" preserveAspectRatio=\"xMidYMid meet\" aria-labelledby='av-svg-title-2' aria-describedby='av-svg-desc-2' role=\"graphics-symbol\" aria-hidden=\"true\">\n<title id='av-svg-title-2'>Next<\/title>\n<desc id='av-svg-desc-2'>Next<\/desc>\n<path d=\"M0.416 27.84l11.456-11.84-11.456-11.904q-0.832-0.832 0-1.536 0.832-0.832 1.536 0l12.544 12.608q0.768 0.832 0 1.6l-12.544 12.608q-0.704 0.832-1.536 0-0.832-0.704 0-1.536z\"><\/path>\n<\/svg><span class='avia_hidden_link_text'>Next<\/span><\/a><\/div><div class='avia-slideshow-dots avia-slideshow-controls'><a href='#1' class='goto-slide active' >1<\/a><a href='#2' class='goto-slide ' >2<\/a><a href='#3' class='goto-slide ' >3<\/a><\/div><\/div><\/div><div id='after_full_slider_1'  class='main_color av_default_container_wrap container_wrap sidebar_left'  ><div class='container av-section-cont-open' ><div class='template-page content  av-content-small units'><div class='post-entry post-entry-type-page post-entry-3535'><div class='entry-content-wrapper clearfix'>\n<section  class='av_textblock_section av-jv3lq1gb-4dc0655e6d21b7ecaf8c678a39f7a66a '   itemscope=\"itemscope\" itemtype=\"https:\/\/schema.org\/CreativeWork\" ><div class='avia_textblock'  itemprop=\"text\" ><h1 style=\"text-align: center;\">BRODERIE L\u00c9V\u00caQUE<\/h1>\n<\/div><\/section>\n\n<style type=\"text\/css\" data-created_by=\"avia_inline_auto\" id=\"style-css-av-jv3lufjq-db912b0af75cd3e740bc20bc44c39e7a\">\n#top .hr.av-jv3lufjq-db912b0af75cd3e740bc20bc44c39e7a{\nmargin-top:5px;\nmargin-bottom:5px;\n}\n.hr.av-jv3lufjq-db912b0af75cd3e740bc20bc44c39e7a .hr-inner{\nwidth:75px;\nborder-color:#e84893;\nmax-width:45%;\n}\n.hr.av-jv3lufjq-db912b0af75cd3e740bc20bc44c39e7a .av-seperator-icon{\ncolor:#e84893;\n}\n.hr.av-jv3lufjq-db912b0af75cd3e740bc20bc44c39e7a .av-seperator-icon.avia-svg-icon svg:first-child{\nfill:#e84893;\nstroke:#e84893;\n}\n<\/style>\n<div  class='hr av-jv3lufjq-db912b0af75cd3e740bc20bc44c39e7a hr-custom  avia-builder-el-2  el_after_av_textblock  el_before_av_one_half  hr-center hr-icon-yes'><span class='hr-inner inner-border-av-border-thin'><span class=\"hr-inner-style\"><\/span><\/span><span class='av-seperator-icon avia-iconfont avia-font-entypo-fontello' data-av_icon='\ue855' data-av_iconfont='entypo-fontello' ><\/span><span class='hr-inner inner-border-av-border-thin'><span class=\"hr-inner-style\"><\/span><\/span><\/div>\n\n<style type=\"text\/css\" data-created_by=\"avia_inline_auto\" id=\"style-css-av-47yqz9-6d2d2807782f9c664094a92c4847442f\">\n.flex_column.av-47yqz9-6d2d2807782f9c664094a92c4847442f{\nborder-radius:0px 0px 0px 0px;\npadding:0px 0px 0px 0px;\n}\n<\/style>\n<div  class='flex_column av-47yqz9-6d2d2807782f9c664094a92c4847442f av_one_half  avia-builder-el-3  el_after_av_hr  el_before_av_one_half  first flex_column_div av-zero-column-padding  '     ><p>\n<style type=\"text\/css\" data-created_by=\"avia_inline_auto\" id=\"style-css-av-jv3mcrdy-5596ed928f785c9848fff866bf11bc0c\">\n#top .hr.hr-invisible.av-jv3mcrdy-5596ed928f785c9848fff866bf11bc0c{\nheight:60px;\n}\n<\/style>\n<div  class='hr av-jv3mcrdy-5596ed928f785c9848fff866bf11bc0c hr-invisible  avia-builder-el-4  el_before_av_textblock  avia-builder-el-first '><span class='hr-inner '><span class=\"hr-inner-style\"><\/span><\/span><\/div><br \/>\n<section  class='av_textblock_section av-jv3lwx24-a01455b2b7de21660d1d23ddfed64a11 '   itemscope=\"itemscope\" itemtype=\"https:\/\/schema.org\/CreativeWork\" ><div class='avia_textblock'  itemprop=\"text\" ><blockquote>\n<h3 style=\"text-align: left;\">La personnalisation de textile pour les marques, entreprises, associations et clubs et collectivit\u00e9s.<\/h3>\n<\/blockquote>\n<\/div><\/section><br \/>\n\n<style type=\"text\/css\" data-created_by=\"avia_inline_auto\" id=\"style-css-av-jv3lyb29-04e021073289918f472e8a3a7dc2acbe\">\n#top .av_textblock_section.av-jv3lyb29-04e021073289918f472e8a3a7dc2acbe .avia_textblock{\nfont-size:15px;\n}\n<\/style>\n<section  class='av_textblock_section av-jv3lyb29-04e021073289918f472e8a3a7dc2acbe '   itemscope=\"itemscope\" itemtype=\"https:\/\/schema.org\/CreativeWork\" ><div class='avia_textblock'  itemprop=\"text\" ><p style=\"text-align: left;\">Depuis plus de 20 ans au service des professionnels, Broderie L\u00e9v\u00eaque r\u00e9alise pour les agences de communication <strong>le meilleur du marquage personnalis\u00e9 : la broderie industrielle !<\/strong><\/p>\n<p style=\"text-align: left;\">Nous mettons \u00e0 votre disposition notre professionnalisme et notre comp\u00e9tence afin que vos broderies soient toujours de la meilleure qualit\u00e9 possible, quels que soient vos supports textiles (textile, cuir , PVC, \u00e9ponge&#8230;).<\/p>\n<p style=\"text-align: left;\"><strong>R\u00e9alisations fiables et rapides, notre outil de production de pointe <\/strong><strong>et notre personnel qualifi\u00e9 nous permettent de r\u00e9pondre \u00e0 toutes vos attentes !<\/strong><\/p>\n<p style=\"text-align: left;\">Nous choisir comme brodeur vous permettra de b\u00e9n\u00e9ficier de devis et prototype rapides. Nous r\u00e9alisons des programmes soign\u00e9s pour obtenir des broderies de qualit\u00e9. Chez nous, pas de quantit\u00e9 minimum, nous pouvons r\u00e9aliser des personnalisations \u00e0 l\u2019unit\u00e9.<\/p>\n<p style=\"text-align: left;\">Un contr\u00f4le de vos articles est toujours r\u00e9alis\u00e9 \u00e0 l\u2019arriv\u00e9e, nous pouvons livrer \u00e0 la destination de votre choix.<br \/>\nN\u2019h\u00e9sitez-plus, venez nous rendre visite ou contactez nous au 01 48 70 11 20 !<\/p>\n<\/div><\/section><\/p><\/div>\n\n<style type=\"text\/css\" data-created_by=\"avia_inline_auto\" id=\"style-css-av-bbixr-20a32f1a2ddb69a9c96c24489ace55dd\">\n.flex_column.av-bbixr-20a32f1a2ddb69a9c96c24489ace55dd{\nborder-radius:0px 0px 0px 0px;\npadding:0px 0px 0px 0px;\n}\n<\/style>\n<div  class='flex_column av-bbixr-20a32f1a2ddb69a9c96c24489ace55dd av_one_half  avia-builder-el-7  el_after_av_one_half  el_before_av_section  avia-builder-el-last  flex_column_div av-zero-column-padding  '     ><p>\n<style type=\"text\/css\" data-created_by=\"avia_inline_auto\" id=\"style-css-av-jv3zmo4y-a68d2fb07841cfbf09568f0439305833\">\n#top .hr.hr-invisible.av-jv3zmo4y-a68d2fb07841cfbf09568f0439305833{\nheight:125px;\n}\n<\/style>\n<div  class='hr av-jv3zmo4y-a68d2fb07841cfbf09568f0439305833 hr-invisible  avia-builder-el-8  el_before_av_image  avia-builder-el-first '><span class='hr-inner '><span class=\"hr-inner-style\"><\/span><\/span><\/div><br \/>\n\n<style type=\"text\/css\" data-created_by=\"avia_inline_auto\" id=\"style-css-av-jv3ziovc-eb574309b9094069c025f57f52558179\">\n.avia-image-container.av-jv3ziovc-eb574309b9094069c025f57f52558179 img.avia_image{\nbox-shadow:none;\n}\n.avia-image-container.av-jv3ziovc-eb574309b9094069c025f57f52558179 .av-image-caption-overlay-center{\ncolor:#ffffff;\n}\n<\/style>\n<div  class='avia-image-container av-jv3ziovc-eb574309b9094069c025f57f52558179 av-styling-no-styling av-hover-grow avia_animated_image av-animated-when-visible-95 fade-in avia-align-  avia-builder-el-9  el_after_av_hr  avia-builder-el-last '   itemprop=\"image\" itemscope=\"itemscope\" itemtype=\"https:\/\/schema.org\/ImageObject\" ><div class=\"avia-image-container-inner\"><div class=\"avia-image-overlay-wrap\"><img fetchpriority=\"high\" class='wp-image-3612 avia-img-lazy-loading-not-3612 avia_image ' src='https:\/\/broderie-leveque.com\/wp-content\/uploads\/2019\/04\/ZOOM_POLAIRE_BL.jpg' alt='' title='ZOOM_POLAIRE_BL'  height=\"1963\" width=\"2461\"  itemprop=\"thumbnailUrl\"  \/><\/div><\/div><\/div><\/p><\/div>\n<\/div><\/div><\/div><!-- close content main div --><\/div><\/div><div id='av_section_1'  class='avia-section av-72s4jy-9ca75d32d042c9789d817cc8bedb50ba main_color avia-section-large avia-no-shadow  avia-builder-el-10  el_after_av_one_half  avia-builder-el-last  avia-bg-style-scroll container_wrap sidebar_left'  ><div class='container av-section-cont-open' ><div class='template-page content  av-content-small units'><div class='post-entry post-entry-type-page post-entry-3535'><div class='entry-content-wrapper clearfix'>\n<div  class='flex_column av-5er166-de5baa336a7ce40710500bcb63f09742 av_one_half  avia-builder-el-11  el_before_av_one_half  avia-builder-el-first  first flex_column_div  '     ><section  class='av_textblock_section av-558f2e-39edfeb7ab19229b796f50554767eb6e '   itemscope=\"itemscope\" itemtype=\"https:\/\/schema.org\/CreativeWork\" ><div class='avia_textblock'  itemprop=\"text\" ><h2 style=\"text-align: right;\">La personnalisation de textile pour les marques,<br \/>\nentreprises, associations et clubs et collectivit\u00e9s<\/h2>\n<\/div><\/section><br \/>\n<div  class='hr av-53tq7y-c3adc3eaf98ffc33d55f0c57a765d37f hr-short  avia-builder-el-13  el_after_av_textblock  el_before_av_textblock  hr-right'><span class='hr-inner '><span class=\"hr-inner-style\"><\/span><\/span><\/div><br \/>\n\n<style type=\"text\/css\" data-created_by=\"avia_inline_auto\" id=\"style-css-av-4x16za-0cea55002dd933daf5f55be234ceeacd\">\n#top .av_textblock_section.av-4x16za-0cea55002dd933daf5f55be234ceeacd .avia_textblock{\nfont-size:15px;\n}\n<\/style>\n<section  class='av_textblock_section av-4x16za-0cea55002dd933daf5f55be234ceeacd '   itemscope=\"itemscope\" itemtype=\"https:\/\/schema.org\/CreativeWork\" ><div class='avia_textblock'  itemprop=\"text\" ><p style=\"text-align: right;\">Nous choisir comme brodeur vous permettra<br \/>\nde b\u00e9n\u00e9ficier de devis et prototype rapides.<br \/>\nNous r\u00e9alisons des programmes soign\u00e9s<br \/>\npour obtenir des broderies de qualit\u00e9.<\/p>\n<p style=\"text-align: right;\">Un contr\u00f4le de vos articles est toujours r\u00e9alis\u00e9 \u00e0 l\u2019arriv\u00e9e,<br \/>\nnous pouvons livrer \u00e0 la destination de votre choix.<br \/>\nN\u2019h\u00e9sitez-plus, venez nous rendre visite ou<br \/>\n<strong>contactez nous au 01 48 70 11 20<\/strong> !<\/p>\n<\/div><\/section><br \/>\n<div  class='hr av-4sfk0m-23906ce216616bfd4f29a16912816413 hr-short  avia-builder-el-15  el_after_av_textblock  el_before_av_button  hr-right'><span class='hr-inner '><span class=\"hr-inner-style\"><\/span><\/span><\/div><br \/>\n<div  class='avia-button-wrap av-4k39ty-e26dbc60f48c6c4b2b96f8df877e07cf-wrap avia-button-right  avia-builder-el-16  el_after_av_hr  avia-builder-el-last '><a href='http:\/\/broderie-leveque.com\/index.php\/pages\/contact\/'  class='avia-button av-4k39ty-e26dbc60f48c6c4b2b96f8df877e07cf av-link-btn avia-icon_select-yes-left-icon avia-size-large avia-position-right avia-color-pink'   aria-label=\"Contactez nous\"><span class='avia_button_icon avia_button_icon_left avia-iconfont avia-font-entypo-fontello' data-av_icon='' data-av_iconfont='entypo-fontello' ><\/span><span class='avia_iconbox_title' >Contactez nous<\/span><\/a><\/div><\/p><\/div><div  class='flex_column av-4fd6di-04ec1a584a018044a9e2669f893508a2 av_one_half  avia-builder-el-17  el_after_av_one_half  avia-builder-el-last  flex_column_div  '     ><style type=\"text\/css\" data-created_by=\"avia_inline_auto\" id=\"style-css-av-46gnsm-5e3385486498e99e3676bc7e5e2b61da\">\n#top .avia-icon-list-container.av-46gnsm-5e3385486498e99e3676bc7e5e2b61da .iconlist_icon{\nbackground-color:#e84893;\n}\n<\/style>\n<div  class='avia-icon-list-container av-46gnsm-5e3385486498e99e3676bc7e5e2b61da  avia-builder-el-18  avia-builder-el-no-sibling '><ul class='avia-icon-list avia_animate_when_almost_visible avia-icon-list-left av-iconlist-big av-46gnsm-5e3385486498e99e3676bc7e5e2b61da avia-iconlist-animate'>\n<li><div class='iconlist_icon av-qd73a-6c05ac34ca9c49714e2cd42241baffe3 avia-font-entypo-fontello avia-iconfont avia-font-entypo-fontello'><span class='av-icon-char' data-av_icon='\ue82b' data-av_iconfont='entypo-fontello' aria-hidden=\"true\"><\/span><\/div><article class=\"article-icon-entry \"  itemscope=\"itemscope\" itemtype=\"https:\/\/schema.org\/CreativeWork\" ><div class=\"iconlist_content_wrap\"><header class=\"entry-content-header\" aria-label=\"Icon: Tarifs professionnels\"><h4 class='av_iconlist_title iconlist_title  '  itemprop=\"headline\" >Tarifs professionnels<\/h4><\/header><div class='iconlist_content '  itemprop=\"text\" ><p>Tarifs d\u00e9gressifs selon les quantit\u00e9s demand\u00e9es<br \/>\nNotre minimum est de 10 pi\u00e8ces<\/p>\n<\/div><\/div><footer class=\"entry-footer\"><\/footer><\/article><div class=\"iconlist-timeline\"><\/div><\/li>\n<li><div class='iconlist_icon av-l9u0e-9fa2d82cc26ff4b5a3bd31798c601b90 avia-font-entypo-fontello avia-iconfont avia-font-entypo-fontello'><span class='av-icon-char' data-av_icon='\ue855' data-av_iconfont='entypo-fontello' aria-hidden=\"true\"><\/span><\/div><article class=\"article-icon-entry \"  itemscope=\"itemscope\" itemtype=\"https:\/\/schema.org\/CreativeWork\" ><div class=\"iconlist_content_wrap\"><header class=\"entry-content-header\" aria-label=\"Icon: Fabrication Fran\u00e7aise\"><h4 class='av_iconlist_title iconlist_title  '  itemprop=\"headline\" >Fabrication Fran\u00e7aise<\/h4><\/header><div class='iconlist_content '  itemprop=\"text\" ><p>Toutes nos broderies sont r\u00e9alis\u00e9es <strong>dans nos ateliers de Montreuil<\/strong><\/p>\n<\/div><\/div><footer class=\"entry-footer\"><\/footer><\/article><div class=\"iconlist-timeline\"><\/div><\/li>\n<li><div class='iconlist_icon av-cxp86-915ff25c0873696498dc081c8bc18b82 avia-font-svg_entypo-fontello avia-svg-icon avia-font-svg_entypo-fontello'><span class='av-icon-char' data-av_svg_icon='flash' data-av_iconset='svg_entypo-fontello'><svg version=\"1.1\" xmlns=\"http:\/\/www.w3.org\/2000\/svg\" width=\"13\" height=\"32\" viewBox=\"0 0 13 32\" preserveAspectRatio=\"xMidYMid meet\" aria-labelledby='av-svg-title-3' aria-describedby='av-svg-desc-3' role=\"graphics-symbol\" aria-hidden=\"true\">\n<title id='av-svg-title-3'>Flash<\/title>\n<desc id='av-svg-desc-3'>Flash<\/desc>\n<path d=\"M1.28 30.4q-0.128-0.128 1.12-3.008t2.528-5.824 1.216-3.136-3.008-1.44-3.136-1.76q-0.128-0.384 2.688-3.84t5.76-6.688 3.072-3.104q0.192 0.128-2.368 5.952t-2.496 5.952 3.040 1.376 3.104 1.824q0.128 0.64-5.568 7.264t-5.952 6.432z\"><\/path>\n<\/svg><\/span><\/div><article class=\"article-icon-entry \"  itemscope=\"itemscope\" itemtype=\"https:\/\/schema.org\/CreativeWork\" ><div class=\"iconlist_content_wrap\"><header class=\"entry-content-header\" aria-label=\"Icon: D\u00e9lai rapide\"><h4 class='av_iconlist_title iconlist_title  '  itemprop=\"headline\" >D\u00e9lai rapide<\/h4><\/header><div class='iconlist_content '  itemprop=\"text\" ><p>G\u00e9n\u00e9ralement, il nous faut 8-10 jours. Dans les cas &#8220;extr\u00eames&#8221; et moyennant un petit suppl\u00e9ment, nous savons faire sous 48 heures !<\/p>\n<\/div><\/div><footer class=\"entry-footer\"><\/footer><\/article><div class=\"iconlist-timeline\"><\/div><\/li>\n<li><div class='iconlist_icon av-aglny-cd84067a2ed3058efda7f8e03b196afc avia-font-entypo-fontello avia-iconfont avia-font-entypo-fontello'><span class='av-icon-char' data-av_icon='\ue8b7' data-av_iconfont='entypo-fontello' aria-hidden=\"true\"><\/span><\/div><article class=\"article-icon-entry \"  itemscope=\"itemscope\" itemtype=\"https:\/\/schema.org\/CreativeWork\" ><div class=\"iconlist_content_wrap\"><header class=\"entry-content-header\" aria-label=\"Icon: Livraison dans le monde\"><h4 class='av_iconlist_title iconlist_title  '  itemprop=\"headline\" >Livraison dans le monde<\/h4><\/header><div class='iconlist_content '  itemprop=\"text\" ><p>Nous livrons dans le monde entier. Possibilit\u00e9 de dispatching<\/p>\n<\/div><\/div><footer class=\"entry-footer\"><\/footer><\/article><div class=\"iconlist-timeline\"><\/div><\/li>\n<\/ul><\/div><\/div><\/div><\/div><\/div><!-- close content main div --><\/div><\/div><div id='after_section_1'  class='main_color av_default_container_wrap container_wrap sidebar_left'  ><div class='container av-section-cont-open' ><div class='template-page content  av-content-small units'><div class='post-entry post-entry-type-page post-entry-3535'><div class='entry-content-wrapper clearfix'>\n","protected":false},"excerpt":{"rendered":"","protected":false},"author":1,"featured_media":0,"parent":0,"menu_order":0,"comment_status":"closed","ping_status":"closed","template":"","meta":{"footnotes":""},"class_list":["post-3535","page","type-page","status-publish","hentry"],"_links":{"self":[{"href":"https:\/\/broderie-leveque.com\/index.php\/wp-json\/wp\/v2\/pages\/3535","targetHints":{"allow":["GET"]}}],"collection":[{"href":"https:\/\/broderie-leveque.com\/index.php\/wp-json\/wp\/v2\/pages"}],"about":[{"href":"https:\/\/broderie-leveque.com\/index.php\/wp-json\/wp\/v2\/types\/page"}],"author":[{"embeddable":true,"href":"https:\/\/broderie-leveque.com\/index.php\/wp-json\/wp\/v2\/users\/1"}],"replies":[{"embeddable":true,"href":"https:\/\/broderie-leveque.com\/index.php\/wp-json\/wp\/v2\/comments?post=3535"}],"version-history":[{"count":7,"href":"https:\/\/broderie-leveque.com\/index.php\/wp-json\/wp\/v2\/pages\/3535\/revisions"}],"predecessor-version":[{"id":3899,"href":"https:\/\/broderie-leveque.com\/index.php\/wp-json\/wp\/v2\/pages\/3535\/revisions\/3899"}],"wp:attachment":[{"href":"https:\/\/broderie-leveque.com\/index.php\/wp-json\/wp\/v2\/media?parent=3535"}],"curies":[{"name":"wp","href":"https:\/\/api.w.org\/{rel}","templated":true}]}}